 what is -12202021 + -10020112010?
-10110021101
In base 4, what is -30020003222 + 2010?
-30020001212
In base 9, what is -86 - -10374433?
10374336
In base 9, what is 1034366 + 21?
1034387
In base 4, what is 110 - -322330110?
322330220
In base 3, what is 11122122120 + -2120021?
11120002022
In base 13, what is 25998cc - -6?
2599905
In base 12, what is 1507 + 3245b?
33966
In base 7, what is -21016 - 1254263?
-1305312
In base 13, what is -11727061 + 0?
-11727061
In base 14, what is 3 + -1a24031?
-1a2402c
In base 3, what is -111102 + -1011112?
-1122221
In base 11, what is 9a19077 + 3?
9a1907a
In base 12, what is 11a27a40 + -7?
11a27a35
In base 5, what is 1234 + -142314044?
-142312310
In base 6, what is 341414012 - 15?
341413553
In base 15, what is eb5 + -e198?
-d1d3
In base 11, what is -67 - -215364?
2152a8
In base 11, what is -4 + 11156848?
11156844
In base 15, what is 6 + 211bb2?
211bb8
In base 4, what is 2 - -132102012333?
132102013001
In base 6, what is -240345324 + -3?
-240345331
In base 3, what is -12200 + 101020102011?
101020012111
In base 14, what is -2 - 15d71c?
-15d720
In base 6, what is -3 + -420313501?
-420313504
In base 14, what is d3 - 5064bc?
-5063c9
In base 6, what is 1533 - 243330?
-241353
In base 2, what is -1011010011 - -1011000101111110?
1010111010101011
In base 12, what is 13a + 10351?
1048b
In base 14, what is 2560423 + -1?
2560422
In base 12, what is -338551 + 7?
-338546
In base 9, what is -3 + 838620?
838616
In base 7, what is 110 - -351311?
351421
In base 8, what is 67125 + 124?
67251
In base 10, what is -21583 + -148?
-21731
In base 16, what is b3146a + -2?
b31468
In base 4, what is -1113021 - 1321?
-1121002
In base 13, what is -5b3956 - c6?
-5b3a4c
In base 15, what is -4e3979 - a?
-4e3984
In base 13, what is 144 + 9388b?
93a02
In base 12, what is -13831 + -106?
-13937
In base 16, what is -3 + b6d31?
b6d2e
In base 14, what is -5 - -134035?
134030
In base 12, what is 2372297 + 124?
23723bb
In base 7, what is -2513415 + 1135?
-2512250
In base 13, what is -2cb256 + -10?
-2cb266
In base 14, what is 4 - 63b1d2b?
-63b1d27
In base 7, what is -13 - 100666514?
-100666530
In base 2, what is -1000010110101110110 + 11?
-1000010110101110011
In base 8, what is 22 - -11260005?
11260027
In base 4, what is -1302 + 10323132331?
10323131023
In base 14, what is -49 + -2129c?
-21307
In base 14, what is -5 + a0c9436?
a0c9431
In base 7, what is 4 + -4341556?
-4341552
In base 13, what is 1 - -2b90a895?
2b90a896
In base 8, what is -2 - -12520662?
12520660
In base 3, what is -101 - -1200002212110?
1200002212002
In base 8, what is 0 + -1500147762?
-1500147762
In base 6, what is -4 - 220333022?
-220333030
In base 8, what is -110367 + -116?
-110505
In base 4, what is 101122 + -20002330?
-13301202
In base 13, what is -8a7692 + 74?
-8a761b
In base 15, what is -5a0 + -e299?
-e849
In base 2, what is 10000001000101001 - 1001001011?
1111111111011110
In base 9, what is -62 - -20688700?
20688627
In base 13, what is -179412b9 + -1?
-179412ba
In base 16, what is e0 - -381c5?
382a5
In base 5, what is -11 - 10120440333?
-10120440344
In base 12, what is 291a1 - -128?
29309
In base 13, what is 658b8 + 74?
6595c
In base 16, what is 1 + -a00878?
-a00877
In base 3, what is 200120212121111 + -11?
200120212121100
In base 15, what is aab29 - d?
aab1b
In base 15, what is -3b12d + -100e?
-3c13c
In base 9, what is 76 - -1542344?
1542431
In base 3, what is -20221212010012 + -2121?
-20221212012210
In base 14, what is -1 - 14a0db?
-14a0dc
In base 2, what is 101001 + 100000101110011010?
100000101111000011
In base 15, what is 4b0 - 15d39?
-15879
In base 10, what is 602117460 - 3?
602117457
In base 8, what is -10 + -57247444?
-57247454
In base 12, what is 12 + -a3958?
-a3946
In base 4, what is 22211122233 + 3?
22211122302
In base 10, what is 1010306 + 0?
1010306
In base 3, what is 1101222101212220100 - -11?
1101222101212220111
In base 13, what is -34257 - 15?
-3426c
In base 6, what is 20345 + -1053?
15252
In base 2, what is -1010010101110001100111110 + -100?
-1010010101110001101000010
In base 11, what is -14205 + a41?
-13274
In base 15, what is 5eb9c + 124?
5ecc1
In base 6, what is -444 - -1043432?
1042544
In base 13, what is 6356 + bca?
7253
In base 2, what is -101 - -10000101100010101101?
10000101100010101000
In base 4, what is -3322100020 + 212?
-3322033202
In base 12, what is -22 + -13299a?
-132a00
In base 6, what is -5025 - -135500?
130431
In base 14, what is 5916c124 + 2?
5916c126
In base 9, what is -2502703 + -1433?
-2504236
In base 3, what is -1111102100001101 - -11?
-1111102100001020
In base 13, what is 1c + b34c?
b36b
In base 3, what is 102101112 + 22122022?
202000211
In base 13, what is 16 + 14039a?
1403b3
In base 12, what is 217365 - 14a0?
215a85
In base 11, what is -2228 + -4927a?
-504a7
In base 15, what is 0 - 128233d?
-128233d
In base 12, what is 2135306a - 1?
21353069
In base 12, what is 1 + 98bb892?
98bb893
In base 2, what is -10 + -10111110000001000111011?
-10111110000001000111101
In base 11, what is 2877 - -2248?
5014
In base 15, what is -17e03 - 6bc?
-185c0
In base 10, what is 284 - -16517?
16801
In base 10, what is 220709 + -1914?
218795
In base 2, what is -11 + -10000000011100001100111101?
-10000000011100001101000000
In base 8, what is -155307 - -42?
-155245
In base 15, what is e2987 + 55?
e29dc
In base 12, what is -291748 - -4?
-291744
In base 10, what is 670505 + -12?
670493
In base 3, what is -2011200212010 + 2002?
-2011200210001
In base 2, what is 100100101010110 - -10111111001?
100111101001111
In base 7, what is 1542444 + 11662?
1554436
In base 15, what is 12c7a7a8 + 2?
12c7a7aa
In base 15, what is -520300e + -22?
-5203031
In base 8, what is 6 - -55661233?
55661241
In base 16, what is -7c - 87103?
-8717f
In base 16, what is -3 + -60c2d4?
-60c2d7
In base 7, what is 533 - 2251150?
-2250314
In base 10, what is 86183096 + 5?
86183101
In base 8, what is 7630 + 16546?
26376
In base 11, what is 838 - -885503?
886240
In base 11, what is 1 + 47a059?
47a05a
In base 13, what is -8037a69 - -5?
-8037a64
In base 10, what is -27 + 2177803?
2177776
In base 6, what is 24402252341 - -1?
24402252342
In base 4, what is -1012 - -1011200122200?
1011200121122
In base 7, what is -55445 + -336015?
-424463
In base 9, what is -146840 + -384?
-147334
In base 12, what is 0 + -1a733b?
-1a733b
In base 2, what is 11111111 - 11000110011000011010?
-11000110010100011011
In base 12, what is -5 - -1202b7?
1202b2
In base 13, what is 2c36 + 946?
387c
In base 9, what is 3360733732 - 5?
3360733726
In base 4, what is -1 + -123220123303?
-123220123310
In base 3, what is -11100222122001 + -1112?
-11100222200120
In base 2, what is 100101101001000001111110 - -100100?
100101101001000010100010
In base 5, what is 2 + 2203431010?
2203431012
In base 3, what is 121112101 - -10000021?
201112122
In base 16, what is 3 + 6fa6c5?
6fa6c8
In base 11, what is 124158 + -16?
124142
In base 16, what is -1 + -8e660d?
-8e660e
In base 16, what is 317 + -67e?
-367
In base 7, what is -635 + -2326?
-3264
In base 13, what is 7 + 1c441a4?
1c441ab
In base 13, what is 88b + -70c23?
-70365
In base 6, what is 1045500 + 51?
1045551
In base 11, what is -2 + 15169438?
15169436
In base 12, what is -4 + -27651156?
-2765115a
In base 13, what is 17783 + -800?
16c83
In base 5, what is 242213402 - -122?
242214024
In base 11, what is 2 - -20386645?
20386647
In base 6, what is -3 + -1110325342?
-1110325345
In base 7, what is -125 - -2232254?
2232126
In base 5, what is 4111032022 + 3?
4111032030
In base 9, what is 1 + -67124135?
-67124134
In base 12, what is -491 + -182274?
-182745
In base 12, what is -146955072 + -4?
-146955076
In base 9, what is -3 + 40404784?
40404781
In base 3, what is -10 + -2121211002100011?
-2121211002100021
In base 8, what is 36021402 + -5?
36021375
In base 6, what is 102123 + 4241?
110404
In base 16, what is -44e0a + bd?
-44d4d
In base 16, what is -8 + -127f1?
-127f9
In base 5, what is 2 - 1321431430?
-1321431423
In base 8, what is -3 - 1147722?
-1147725
In base 16, what is -eadb45 - -6?
-eadb3f
In base 10, what is 159982 - -50?
160032
In base 14, what is -35a9cb - -dc?
-35a8cd
In base 4, what is -103031 - 3000012?
-3103103
In base 15, what is -7 - -84480?
84478
In base 5, what is 423110132 - -10?
423110142
I